{"id":1509,"date":"2019-01-27T16:54:21","date_gmt":"2019-01-27T15:54:21","guid":{"rendered":"http:\/\/b3concept.fr\/?page_id=1509"},"modified":"2022-01-15T13:58:13","modified_gmt":"2022-01-15T12:58:13","slug":"supercannes1830","status":"publish","type":"page","link":"https:\/\/b3concept.fr\/index.php\/supercannes1830\/","title":{"rendered":"Super Cannes T3\/4 Exclusivit\u00e9 &#8211; 1 190 000 \u20ac"},"content":{"rendered":"<p><img loading=\"lazy\" class=\"alignnone wp-image-1959 size-large\" src=\"http:\/\/b3concept.fr\/wp-content\/uploads\/2019\/01\/IMG_8935-e1548605098330-1-1024x768.jpg\" alt=\"\" width=\"525\" height=\"394\" srcset=\"https:\/\/b3concept.fr\/wp-content\/uploads\/2019\/01\/IMG_8935-e1548605098330-1-1024x768.jpg 1024w, https:\/\/b3concept.fr\/wp-content\/uploads\/2019\/01\/IMG_8935-e1548605098330-1-300x225.jpg 300w, https:\/\/b3concept.fr\/wp-content\/uploads\/2019\/01\/IMG_8935-e1548605098330-1-768x576.jpg 768w, https:\/\/b3concept.fr\/wp-content\/uploads\/2019\/01\/IMG_8935-e1548605098330-1.jpg 2016w\" sizes=\"(max-width: 525px) 100vw, 525px\" \/><\/p>\n<p style=\"text-align: justify;\">Dans le Quartier du SUPER CANNES, venez \u00e0 la rencontre d\u2019un bien d\u2019exception, nich\u00e9 dans l\u2019une des r\u00e9sidences les plus convoit\u00e9es, au c\u0153ur d\u2019un parc de plus de 14 hectares, dot\u00e9e d\u2019arbres d\u2019essences rares et profitant d\u2019am\u00e9nagements tels que 2 terrains de Tennis, une piscine chauff\u00e9e et surtout une splendide piscine \u00e0 d\u00e9bordement construite sur le point le plus haut de la r\u00e9sidence pour profiter d\u2019un panorama d\u2019exception surplombant la mer et offrant une vue \u00e0 180\u00b0 allant du Cap-d\u2019Antibes aux Iles de L\u00e9rins.<\/p>\n<p style=\"text-align: justify;\">Un Havre de paix \u00e0 moins d\u20191km500 des premi\u00e8res plages et \u00e0 2 km des premiers commerces Cannois.<\/p>\n<p style=\"text-align: justify;\">R\u00e9sidence s\u00e9curis\u00e9e, digicode, visiophone, gardiens, personnel de s\u00e9curit\u00e9 pr\u00e9sent chaque jour 365\/365, nombreuses cam\u00e9ras pour assurer la s\u00e9curit\u00e9 des r\u00e9sidents au sein de cette r\u00e9sidence de haut Standing.<\/p>\n<p style=\"text-align: justify;\">Appartement type F3\/4 de 120 m\u00b2 et se composant d\u2019une galerie d\u2019entr\u00e9e distribuant en \u00e9toile un vaste s\u00e9jour salle \u00e0 manger de 38,60 m\u00b2, cuisine ind\u00e9pendante, une suite junior , une suite parentale avec sa salle de bains, douche et WC, dressing et WC d\u00e9par\u00e9 avec son lave mains. Le salon, la cuisine et les 2 chambres ont un acc\u00e8s sur la grande terrasse de 81 m\u00b2 dont une partie couverte et b\u00e9n\u00e9ficiant d\u2019une double exposition Est et Sud.<\/p>\n<p style=\"text-align: justify;\">Vue mer exceptionnel<\/p>\n<p style=\"text-align: justify;\">Une belle cave saine et un garage ferm\u00e9 pouvant accueillir 2 voitures viennent compl\u00e9ter cet ensemble.<\/p>\n<p style=\"text-align: justify;\">L\u2019appartement est \u00e9quip\u00e9 d\u2019une climatisation r\u00e9versible.<\/p>\n<p style=\"text-align: justify;\">Possibilit\u00e9 de transformer cet appartement en 4 pi\u00e8ces.<\/p>\n\t\r\n    <div class=\"gal-container\" id=\"slgf_1531\">\r\n\t\t            <!--get the post id-->\r\n\t\t\t\r\n            <!--Gallery Title-->\r\n\t\t\t                <div class=\"slg_title_class\">\r\n\t\t\t\t\tGalerie Photos Super Cannes 1830                <\/div>\r\n\t\t\t\r\n            <div class=\"gallery1 lightgallery_1531\">\r\n\t\t\t\t\t\t\t\t\t\t<div class=\"col-md-6 col-sm-6 wl-gallery\" data-src=\"http:\/\/b3concept.fr\/wp-content\/uploads\/2019\/01\/J4B6791-2-500x500.jpg\" >\r\n\r\n                            <div class=\"img-box-shadow\">\r\n\r\n\t\t\t\t\t\t\t\t                                <a title=\"\" class=\"swipebox_1531\"\r\n                                   href=\"http:\/\/b3concept.fr\/wp-content\/uploads\/2019\/01\/J4B6791-2.jpg\">\r\n                                    <div class=\"b-link-stroke b-animate-go\">\r\n                                        <img src=\"http:\/\/b3concept.fr\/wp-content\/uploads\/2019\/01\/J4B6791-2-500x500.jpg\" class=\"gall-img-responsive\"\r\n                                             alt=\"_J4B6791-2\">\r\n                                    <\/div>\r\n                                <\/a>\r\n\r\n                                <!--Gallery Label-->\r\n\t\t\t\t\t\t\t\t                            <\/div>\r\n                        <\/div>\r\n\t\t\t\t\t\t\t\t\t\t\t\t<div class=\"col-md-6 col-sm-6 wl-gallery\" data-src=\"http:\/\/b3concept.fr\/wp-content\/uploads\/2019\/01\/J4B6803-500x500.jpg\" >\r\n\r\n                            <div class=\"img-box-shadow\">\r\n\r\n\t\t\t\t\t\t\t\t                                <a title=\"\" class=\"swipebox_1531\"\r\n                                   href=\"http:\/\/b3concept.fr\/wp-content\/uploads\/2019\/01\/J4B6803.jpg\">\r\n                                    <div class=\"b-link-stroke b-animate-go\">\r\n                                        <img src=\"http:\/\/b3concept.fr\/wp-content\/uploads\/2019\/01\/J4B6803-500x500.jpg\" class=\"gall-img-responsive\"\r\n                                             alt=\"_J4B6803\">\r\n                                    <\/div>\r\n                                <\/a>\r\n\r\n                                <!--Gallery Label-->\r\n\t\t\t\t\t\t\t\t                            <\/div>\r\n                        <\/div>\r\n\t\t\t\t\t\t\t\t\t\t\t\t<div class=\"col-md-6 col-sm-6 wl-gallery\" data-src=\"http:\/\/b3concept.fr\/wp-content\/uploads\/2019\/01\/J4B6806-500x500.jpg\" >\r\n\r\n                            <div class=\"img-box-shadow\">\r\n\r\n\t\t\t\t\t\t\t\t                                <a title=\"\" class=\"swipebox_1531\"\r\n                                   href=\"http:\/\/b3concept.fr\/wp-content\/uploads\/2019\/01\/J4B6806.jpg\">\r\n                                    <div class=\"b-link-stroke b-animate-go\">\r\n                                        <img src=\"http:\/\/b3concept.fr\/wp-content\/uploads\/2019\/01\/J4B6806-500x500.jpg\" class=\"gall-img-responsive\"\r\n                                             alt=\"_J4B6806\">\r\n                                    <\/div>\r\n                                <\/a>\r\n\r\n                                <!--Gallery Label-->\r\n\t\t\t\t\t\t\t\t                            <\/div>\r\n                        <\/div>\r\n\t\t\t\t\t\t\t\t\t\t\t\t<div class=\"col-md-6 col-sm-6 wl-gallery\" data-src=\"http:\/\/b3concept.fr\/wp-content\/uploads\/2019\/01\/J4B6833-500x500.jpg\" >\r\n\r\n                            <div class=\"img-box-shadow\">\r\n\r\n\t\t\t\t\t\t\t\t                                <a title=\"\" class=\"swipebox_1531\"\r\n                                   href=\"http:\/\/b3concept.fr\/wp-content\/uploads\/2019\/01\/J4B6833.jpg\">\r\n                                    <div class=\"b-link-stroke b-animate-go\">\r\n                                        <img src=\"http:\/\/b3concept.fr\/wp-content\/uploads\/2019\/01\/J4B6833-500x500.jpg\" class=\"gall-img-responsive\"\r\n                                             alt=\"_J4B6833\">\r\n                                    <\/div>\r\n                                <\/a>\r\n\r\n                                <!--Gallery Label-->\r\n\t\t\t\t\t\t\t\t                            <\/div>\r\n                        <\/div>\r\n\t\t\t\t\t\t\t\t\t\t\t\t<div class=\"col-md-6 col-sm-6 wl-gallery\" data-src=\"http:\/\/b3concept.fr\/wp-content\/uploads\/2019\/01\/J4B6837-500x500.jpg\" >\r\n\r\n                            <div class=\"img-box-shadow\">\r\n\r\n\t\t\t\t\t\t\t\t                                <a title=\"\" class=\"swipebox_1531\"\r\n                                   href=\"http:\/\/b3concept.fr\/wp-content\/uploads\/2019\/01\/J4B6837.jpg\">\r\n                                    <div class=\"b-link-stroke b-animate-go\">\r\n                                        <img src=\"http:\/\/b3concept.fr\/wp-content\/uploads\/2019\/01\/J4B6837-500x500.jpg\" class=\"gall-img-responsive\"\r\n                                             alt=\"_J4B6837\">\r\n                                    <\/div>\r\n                                <\/a>\r\n\r\n                                <!--Gallery Label-->\r\n\t\t\t\t\t\t\t\t                            <\/div>\r\n                        <\/div>\r\n\t\t\t\t\t\t\t\t\t\t\t\t<div class=\"col-md-6 col-sm-6 wl-gallery\" data-src=\"http:\/\/b3concept.fr\/wp-content\/uploads\/2019\/01\/J4B6839-500x500.jpg\" >\r\n\r\n                            <div class=\"img-box-shadow\">\r\n\r\n\t\t\t\t\t\t\t\t                                <a title=\"\" class=\"swipebox_1531\"\r\n                                   href=\"http:\/\/b3concept.fr\/wp-content\/uploads\/2019\/01\/J4B6839.jpg\">\r\n                                    <div class=\"b-link-stroke b-animate-go\">\r\n                                        <img src=\"http:\/\/b3concept.fr\/wp-content\/uploads\/2019\/01\/J4B6839-500x500.jpg\" class=\"gall-img-responsive\"\r\n                                             alt=\"_J4B6839\">\r\n                                    <\/div>\r\n                                <\/a>\r\n\r\n                                <!--Gallery Label-->\r\n\t\t\t\t\t\t\t\t                            <\/div>\r\n                        <\/div>\r\n\t\t\t\t\t\t\t\t\t\t\t\t<div class=\"col-md-6 col-sm-6 wl-gallery\" data-src=\"http:\/\/b3concept.fr\/wp-content\/uploads\/2019\/01\/J4B6796-500x500.jpg\" >\r\n\r\n                            <div class=\"img-box-shadow\">\r\n\r\n\t\t\t\t\t\t\t\t                                <a title=\"\" class=\"swipebox_1531\"\r\n                                   href=\"http:\/\/b3concept.fr\/wp-content\/uploads\/2019\/01\/J4B6796.jpg\">\r\n                                    <div class=\"b-link-stroke b-animate-go\">\r\n                                        <img src=\"http:\/\/b3concept.fr\/wp-content\/uploads\/2019\/01\/J4B6796-500x500.jpg\" class=\"gall-img-responsive\"\r\n                                             alt=\"_J4B6796\">\r\n                                    <\/div>\r\n                                <\/a>\r\n\r\n                                <!--Gallery Label-->\r\n\t\t\t\t\t\t\t\t                            <\/div>\r\n                        <\/div>\r\n\t\t\t\t\t\t\t\t\t\t\t\t<div class=\"col-md-6 col-sm-6 wl-gallery\" data-src=\"http:\/\/b3concept.fr\/wp-content\/uploads\/2019\/01\/J4B6764-500x500.jpg\" >\r\n\r\n                            <div class=\"img-box-shadow\">\r\n\r\n\t\t\t\t\t\t\t\t                                <a title=\"\" class=\"swipebox_1531\"\r\n                                   href=\"http:\/\/b3concept.fr\/wp-content\/uploads\/2019\/01\/J4B6764.jpg\">\r\n                                    <div class=\"b-link-stroke b-animate-go\">\r\n                                        <img src=\"http:\/\/b3concept.fr\/wp-content\/uploads\/2019\/01\/J4B6764-500x500.jpg\" class=\"gall-img-responsive\"\r\n                                             alt=\"_J4B6764\">\r\n                                    <\/div>\r\n                                <\/a>\r\n\r\n                                <!--Gallery Label-->\r\n\t\t\t\t\t\t\t\t                            <\/div>\r\n                        <\/div>\r\n\t\t\t\t\t\t\t\t\t\t\t\t<div class=\"col-md-6 col-sm-6 wl-gallery\" data-src=\"http:\/\/b3concept.fr\/wp-content\/uploads\/2019\/01\/J4B6760-500x500.jpg\" >\r\n\r\n                            <div class=\"img-box-shadow\">\r\n\r\n\t\t\t\t\t\t\t\t                                <a title=\"\" class=\"swipebox_1531\"\r\n                                   href=\"http:\/\/b3concept.fr\/wp-content\/uploads\/2019\/01\/J4B6760.jpg\">\r\n                                    <div class=\"b-link-stroke b-animate-go\">\r\n                                        <img src=\"http:\/\/b3concept.fr\/wp-content\/uploads\/2019\/01\/J4B6760-500x500.jpg\" class=\"gall-img-responsive\"\r\n                                             alt=\"_J4B6760\">\r\n                                    <\/div>\r\n                                <\/a>\r\n\r\n                                <!--Gallery Label-->\r\n\t\t\t\t\t\t\t\t                            <\/div>\r\n                        <\/div>\r\n\t\t\t\t\t\t\t\t\t\t\t\t<div class=\"col-md-6 col-sm-6 wl-gallery\" data-src=\"http:\/\/b3concept.fr\/wp-content\/uploads\/2019\/01\/J4B6815-500x500.jpg\" >\r\n\r\n                            <div class=\"img-box-shadow\">\r\n\r\n\t\t\t\t\t\t\t\t                                <a title=\"\" class=\"swipebox_1531\"\r\n                                   href=\"http:\/\/b3concept.fr\/wp-content\/uploads\/2019\/01\/J4B6815.jpg\">\r\n                                    <div class=\"b-link-stroke b-animate-go\">\r\n                                        <img src=\"http:\/\/b3concept.fr\/wp-content\/uploads\/2019\/01\/J4B6815-500x500.jpg\" class=\"gall-img-responsive\"\r\n                                             alt=\"_J4B6815\">\r\n                                    <\/div>\r\n                                <\/a>\r\n\r\n                                <!--Gallery Label-->\r\n\t\t\t\t\t\t\t\t                            <\/div>\r\n                        <\/div>\r\n\t\t\t\t\t\t\t\t\t\t\t\t<div class=\"col-md-6 col-sm-6 wl-gallery\" data-src=\"http:\/\/b3concept.fr\/wp-content\/uploads\/2019\/01\/J4B6811-500x500.jpg\" >\r\n\r\n                            <div class=\"img-box-shadow\">\r\n\r\n\t\t\t\t\t\t\t\t                                <a title=\"\" class=\"swipebox_1531\"\r\n                                   href=\"http:\/\/b3concept.fr\/wp-content\/uploads\/2019\/01\/J4B6811.jpg\">\r\n                                    <div class=\"b-link-stroke b-animate-go\">\r\n                                        <img src=\"http:\/\/b3concept.fr\/wp-content\/uploads\/2019\/01\/J4B6811-500x500.jpg\" class=\"gall-img-responsive\"\r\n                                             alt=\"_J4B6811\">\r\n                                    <\/div>\r\n                                <\/a>\r\n\r\n                                <!--Gallery Label-->\r\n\t\t\t\t\t\t\t\t                            <\/div>\r\n                        <\/div>\r\n\t\t\t\t\t\t\t\t\t\t\t\t<div class=\"col-md-6 col-sm-6 wl-gallery\" data-src=\"http:\/\/b3concept.fr\/wp-content\/uploads\/2019\/01\/IMG_8935-e1548605098330-1-500x500.jpg\" >\r\n\r\n                            <div class=\"img-box-shadow\">\r\n\r\n\t\t\t\t\t\t\t\t                                <a title=\"\" class=\"swipebox_1531\"\r\n                                   href=\"http:\/\/b3concept.fr\/wp-content\/uploads\/2019\/01\/IMG_8935-e1548605098330-1.jpg\">\r\n                                    <div class=\"b-link-stroke b-animate-go\">\r\n                                        <img src=\"http:\/\/b3concept.fr\/wp-content\/uploads\/2019\/01\/IMG_8935-e1548605098330-1-500x500.jpg\" class=\"gall-img-responsive\"\r\n                                             alt=\"IMG_8935-e1548605098330\">\r\n                                    <\/div>\r\n                                <\/a>\r\n\r\n                                <!--Gallery Label-->\r\n\t\t\t\t\t\t\t\t                            <\/div>\r\n                        <\/div>\r\n\t\t\t\t\t\t            <\/div>\r\n\t\t    <\/div>\r\n\r\n    <!-- Swipe Box-->\r\n    \n<p>&nbsp;<\/p>\n<p>&nbsp;<\/p>\n","protected":false},"excerpt":{"rendered":"<p>Dans le Quartier du SUPER CANNES, venez \u00e0 la rencontre d\u2019un bien d\u2019exception, nich\u00e9 dans l\u2019une des r\u00e9sidences les plus convoit\u00e9es, au c\u0153ur d\u2019un parc de plus de 14 hectares, dot\u00e9e d\u2019arbres d\u2019essences rares et profitant d\u2019am\u00e9nagements tels que 2 terrains de Tennis, une piscine chauff\u00e9e et surtout une splendide piscine \u00e0 d\u00e9bordement construite sur &hellip; <\/p>\n<p class=\"link-more\"><a href=\"https:\/\/b3concept.fr\/?p=1531\" class=\"more-link\">Continuer la lecture<span class=\"screen-reader-text\"> de &laquo;&nbsp;Galerie Photos Super Cannes 1830&nbsp;&raquo;<\/span><\/a><\/p>\n","protected":false},"author":1,"featured_media":0,"parent":0,"menu_order":0,"comment_status":"closed","ping_status":"closed","template":"","meta":[],"_links":{"self":[{"href":"https:\/\/b3concept.fr\/index.php\/wp-json\/wp\/v2\/pages\/1509"}],"collection":[{"href":"https:\/\/b3concept.fr\/index.php\/wp-json\/wp\/v2\/pages"}],"about":[{"href":"https:\/\/b3concept.fr\/index.php\/wp-json\/wp\/v2\/types\/page"}],"author":[{"embeddable":true,"href":"https:\/\/b3concept.fr\/index.php\/wp-json\/wp\/v2\/users\/1"}],"replies":[{"embeddable":true,"href":"https:\/\/b3concept.fr\/index.php\/wp-json\/wp\/v2\/comments?post=1509"}],"version-history":[{"count":6,"href":"https:\/\/b3concept.fr\/index.php\/wp-json\/wp\/v2\/pages\/1509\/revisions"}],"predecessor-version":[{"id":1960,"href":"https:\/\/b3concept.fr\/index.php\/wp-json\/wp\/v2\/pages\/1509\/revisions\/1960"}],"wp:attachment":[{"href":"https:\/\/b3concept.fr\/index.php\/wp-json\/wp\/v2\/media?parent=1509"}],"curies":[{"name":"wp","href":"https:\/\/api.w.org\/{rel}","templated":true}]}}